








{"version":"1.0","provider_name":"ADoP","provider_url":"https:\/\/adop.pt\/en","author_name":"antonio.julio","author_url":"https:\/\/adop.pt\/en\/author\/antonio-julio\/","title":"4\u00ba Encontro Nacional de Esperan\u00e7as Ol\u00edmpicas 2024 - ADoP","type":"rich","width":600,"height":338,"html":"<blockquote class=\"wp-embedded-content\" data-secret=\"Lvt11vLEar\"><a href=\"https:\/\/adop.pt\/en\/4o-encontro-nacional-de-esperancas-olimpicas-2024\/\">4\u00ba Encontro Nacional de Esperan\u00e7as Ol\u00edmpicas 2024<\/a><\/blockquote><iframe sandbox=\"allow-scripts\" security=\"restricted\" src=\"https:\/\/adop.pt\/en\/4o-encontro-nacional-de-esperancas-olimpicas-2024\/embed\/#?secret=Lvt11vLEar\" width=\"600\" height=\"338\" title=\"&#8220;4\u00ba Encontro Nacional de Esperan\u00e7as Ol\u00edmpicas 2024&#8221; &#8212; ADoP\" data-secret=\"Lvt11vLEar\" frameborder=\"0\" marginwidth=\"0\" marginheight=\"0\" scrolling=\"no\" class=\"wp-embedded-content\"><\/iframe><script type=\"text\/javascript\">\n\/* <![CDATA[ *\/\n\/*! This file is auto-generated *\/\n!function(d,l){\"use strict\";l.querySelector&&d.addEventListener&&\"undefined\"!=typeof URL&&(d.wp=d.wp||{},d.wp.receiveEmbedMessage||(d.wp.receiveEmbedMessage=function(e){var t=e.data;if((t||t.secret||t.message||t.value)&&!\/[^a-zA-Z0-9]\/.test(t.secret)){for(var s,r,n,a=l.querySelectorAll('iframe[data-secret=\"'+t.secret+'\"]'),o=l.querySelectorAll('blockquote[data-secret=\"'+t.secret+'\"]'),c=new RegExp(\"^https?:$\",\"i\"),i=0;i<o.length;i++)o[i].style.display=\"none\";for(i=0;i<a.length;i++)s=a[i],e.source===s.contentWindow&&(s.removeAttribute(\"style\"),\"height\"===t.message?(1e3<(r=parseInt(t.value,10))?r=1e3:~~r<200&&(r=200),s.height=r):\"link\"===t.message&&(r=new URL(s.getAttribute(\"src\")),n=new URL(t.value),c.test(n.protocol))&&n.host===r.host&&l.activeElement===s&&(d.top.location.href=t.value))}},d.addEventListener(\"message\",d.wp.receiveEmbedMessage,!1),l.addEventListener(\"DOMContentLoaded\",function(){for(var e,t,s=l.querySelectorAll(\"iframe.wp-embedded-content\"),r=0;r<s.length;r++)(t=(e=s[r]).getAttribute(\"data-secret\"))||(t=Math.random().toString(36).substring(2,12),e.src+=\"#?secret=\"+t,e.setAttribute(\"data-secret\",t)),e.contentWindow.postMessage({message:\"ready\",secret:t},\"*\")},!1)))}(window,document);\n\/\/# sourceURL=https:\/\/adop.pt\/wp-includes\/js\/wp-embed.min.js\n\/* ]]> *\/\n<\/script>","thumbnail_url":"https:\/\/adop.pt\/wp-content\/uploads\/2024\/01\/Rio-Maior.jpg","thumbnail_width":2439,"thumbnail_height":1534,"description":"No passado dia 21 de janeiro de 2024 a ADoP esteve representada pelo seu Diretor Executivo, Doutor Ant\u00f3nio J\u00falio Nunes, pelo respons\u00e1vel pela \u00e1rea da Educa\u00e7\u00e3o, Dr. Carlos Santos, pela respons\u00e1vel pelo Sistema de Localiza\u00e7\u00e3o Dra. Sofia Neves, pelos respons\u00e1veis do Programa Nacional Antidopagem T\u00e2nia Godinho e M\u00e1rio Paulo e ainda pelos Respons\u00e1veis de Controlo [&hellip;]"}

4º Encontro Nacional de Esperanças Olímpicas 2024 - ADoP

<blockquote class="wp-embedded-content" data-secret="Lvt11vLEar"><a href="https://adop.pt/en/4o-encontro-nacional-de-esperancas-olimpicas-2024/">4º Encontro Nacional de Esperanças Olímpicas 2024</a></blockquote><iframe sandbox="allow-scripts" security="restricted" src="https://adop.pt/en/4o-encontro-nacional-de-esperancas-olimpicas-2024/embed/#?secret=Lvt11vLEar" width="600" height="338" title="&#8220;4º Encontro Nacional de Esperanças Olímpicas 2024&#8221; &#8212; ADoP" data-secret="Lvt11vLEar" frameborder="0" marginwidth="0" marginheight="0" scrolling="no" class="wp-embedded-content"></iframe><script type="text/javascript">
/* <![CDATA[ */
/*! This file is auto-generated */
!function(d,l){"use strict";l.querySelector&&d.addEventListener&&"undefined"!=typeof URL&&(d.wp=d.wp||{},d.wp.receiveEmbedMessage||(d.wp.receiveEmbedMessage=function(e){var t=e.data;if((t||t.secret||t.message||t.value)&&!/[^a-zA-Z0-9]/.test(t.secret)){for(var s,r,n,a=l.querySelectorAll('iframe[data-secret="'+t.secret+'"]'),o=l.querySelectorAll('blockquote[data-secret="'+t.secret+'"]'),c=new RegExp("^https?:$","i"),i=0;i<o.length;i++)o[i].style.display="none";for(i=0;i<a.length;i++)s=a[i],e.source===s.contentWindow&&(s.removeAttribute("style"),"height"===t.message?(1e3<(r=parseInt(t.value,10))?r=1e3:~~r<200&&(r=200),s.height=r):"link"===t.message&&(r=new URL(s.getAttribute("src")),n=new URL(t.value),c.test(n.protocol))&&n.host===r.host&&l.activeElement===s&&(d.top.location.href=t.value))}},d.addEventListener("message",d.wp.receiveEmbedMessage,!1),l.addEventListener("DOMContentLoaded",function(){for(var e,t,s=l.querySelectorAll("iframe.wp-embedded-content"),r=0;r<s.length;r++)(t=(e=s[r]).getAttribute("data-secret"))||(t=Math.random().toString(36).substring(2,12),e.src+="#?secret="+t,e.setAttribute("data-secret",t)),e.contentWindow.postMessage({message:"ready",secret:t},"*")},!1)))}(window,document);
//# sourceURL=https://adop.pt/wp-includes/js/wp-embed.min.js
/* ]]> */
</script>

No passado dia 21 de janeiro de 2024 a ADoP esteve representada pelo seu Diretor Executivo, Doutor António Júlio Nunes, pelo responsável pela área da Educação, Dr. Carlos Santos, pela responsável pelo Sistema de Localização Dra. Sofia Neves, pelos responsáveis do Programa Nacional Antidopagem Tânia Godinho e Mário Paulo e ainda pelos Responsáveis de Controlo [&hellip;]
