








{"version":"1.0","provider_name":"ADoP","provider_url":"https:\/\/adop.pt\/en","author_name":"carlos.santos","author_url":"https:\/\/adop.pt\/en\/author\/carlos-santos\/","title":"Cerim\u00f3nia Evocativa ao Dia Internacional da Mulher - ADoP","type":"rich","width":600,"height":338,"html":"<blockquote class=\"wp-embedded-content\" data-secret=\"wYhF2jfdfX\"><a href=\"https:\/\/adop.pt\/en\/cerimonia-evocativa-ao-dia-internacional-da-mulher\/\">Cerim\u00f3nia Evocativa ao Dia Internacional da Mulher<\/a><\/blockquote><iframe sandbox=\"allow-scripts\" security=\"restricted\" src=\"https:\/\/adop.pt\/en\/cerimonia-evocativa-ao-dia-internacional-da-mulher\/embed\/#?secret=wYhF2jfdfX\" width=\"600\" height=\"338\" title=\"&#8220;Cerim\u00f3nia Evocativa ao Dia Internacional da Mulher&#8221; &#8212; ADoP\" data-secret=\"wYhF2jfdfX\" frameborder=\"0\" marginwidth=\"0\" marginheight=\"0\" scrolling=\"no\" class=\"wp-embedded-content\"><\/iframe><script type=\"text\/javascript\">\n\/* <![CDATA[ *\/\n\/*! This file is auto-generated *\/\n!function(d,l){\"use strict\";l.querySelector&&d.addEventListener&&\"undefined\"!=typeof URL&&(d.wp=d.wp||{},d.wp.receiveEmbedMessage||(d.wp.receiveEmbedMessage=function(e){var t=e.data;if((t||t.secret||t.message||t.value)&&!\/[^a-zA-Z0-9]\/.test(t.secret)){for(var s,r,n,a=l.querySelectorAll('iframe[data-secret=\"'+t.secret+'\"]'),o=l.querySelectorAll('blockquote[data-secret=\"'+t.secret+'\"]'),c=new RegExp(\"^https?:$\",\"i\"),i=0;i<o.length;i++)o[i].style.display=\"none\";for(i=0;i<a.length;i++)s=a[i],e.source===s.contentWindow&&(s.removeAttribute(\"style\"),\"height\"===t.message?(1e3<(r=parseInt(t.value,10))?r=1e3:~~r<200&&(r=200),s.height=r):\"link\"===t.message&&(r=new URL(s.getAttribute(\"src\")),n=new URL(t.value),c.test(n.protocol))&&n.host===r.host&&l.activeElement===s&&(d.top.location.href=t.value))}},d.addEventListener(\"message\",d.wp.receiveEmbedMessage,!1),l.addEventListener(\"DOMContentLoaded\",function(){for(var e,t,s=l.querySelectorAll(\"iframe.wp-embedded-content\"),r=0;r<s.length;r++)(t=(e=s[r]).getAttribute(\"data-secret\"))||(t=Math.random().toString(36).substring(2,12),e.src+=\"#?secret=\"+t,e.setAttribute(\"data-secret\",t)),e.contentWindow.postMessage({message:\"ready\",secret:t},\"*\")},!1)))}(window,document);\n\/\/# sourceURL=https:\/\/adop.pt\/wp-includes\/js\/wp-embed.min.js\n\/* ]]> *\/\n<\/script>","thumbnail_url":"https:\/\/adop.pt\/wp-content\/uploads\/2024\/12\/11-08-de-marco-2022-Cerimonia-Dia-da-Mulher.jpg","thumbnail_width":996,"thumbnail_height":747,"description":"A ADoP, esteve representada na Cerim\u00f3nia organizada pelo Comit\u00e9 Ol\u00edmpico de Portugal Evocativa ao Dia Internacional da Mulher A ADoP fez-se representar pela Dra. Sofia Neves na Cerim\u00f3nia Evocativa ao Dia Internacional da Mulher, organizado pelo Comit\u00e9 Ol\u00edmpico de Portugal. Esta Cerim\u00f3nia teve como objetivo homenagear 14 mulheres que se destacaram no mundo do desporto, [&hellip;]"}

Cerimónia Evocativa ao Dia Internacional da Mulher - ADoP

<blockquote class="wp-embedded-content" data-secret="wYhF2jfdfX"><a href="https://adop.pt/en/cerimonia-evocativa-ao-dia-internacional-da-mulher/">Cerimónia Evocativa ao Dia Internacional da Mulher</a></blockquote><iframe sandbox="allow-scripts" security="restricted" src="https://adop.pt/en/cerimonia-evocativa-ao-dia-internacional-da-mulher/embed/#?secret=wYhF2jfdfX" width="600" height="338" title="&#8220;Cerimónia Evocativa ao Dia Internacional da Mulher&#8221; &#8212; ADoP" data-secret="wYhF2jfdfX" frameborder="0" marginwidth="0" marginheight="0" scrolling="no" class="wp-embedded-content"></iframe><script type="text/javascript">
/* <![CDATA[ */
/*! This file is auto-generated */
!function(d,l){"use strict";l.querySelector&&d.addEventListener&&"undefined"!=typeof URL&&(d.wp=d.wp||{},d.wp.receiveEmbedMessage||(d.wp.receiveEmbedMessage=function(e){var t=e.data;if((t||t.secret||t.message||t.value)&&!/[^a-zA-Z0-9]/.test(t.secret)){for(var s,r,n,a=l.querySelectorAll('iframe[data-secret="'+t.secret+'"]'),o=l.querySelectorAll('blockquote[data-secret="'+t.secret+'"]'),c=new RegExp("^https?:$","i"),i=0;i<o.length;i++)o[i].style.display="none";for(i=0;i<a.length;i++)s=a[i],e.source===s.contentWindow&&(s.removeAttribute("style"),"height"===t.message?(1e3<(r=parseInt(t.value,10))?r=1e3:~~r<200&&(r=200),s.height=r):"link"===t.message&&(r=new URL(s.getAttribute("src")),n=new URL(t.value),c.test(n.protocol))&&n.host===r.host&&l.activeElement===s&&(d.top.location.href=t.value))}},d.addEventListener("message",d.wp.receiveEmbedMessage,!1),l.addEventListener("DOMContentLoaded",function(){for(var e,t,s=l.querySelectorAll("iframe.wp-embedded-content"),r=0;r<s.length;r++)(t=(e=s[r]).getAttribute("data-secret"))||(t=Math.random().toString(36).substring(2,12),e.src+="#?secret="+t,e.setAttribute("data-secret",t)),e.contentWindow.postMessage({message:"ready",secret:t},"*")},!1)))}(window,document);
//# sourceURL=https://adop.pt/wp-includes/js/wp-embed.min.js
/* ]]> */
</script>

A ADoP, esteve representada na Cerimónia organizada pelo Comité Olímpico de Portugal Evocativa ao Dia Internacional da Mulher A ADoP fez-se representar pela Dra. Sofia Neves na Cerimónia Evocativa ao Dia Internacional da Mulher, organizado pelo Comité Olímpico de Portugal. Esta Cerimónia teve como objetivo homenagear 14 mulheres que se destacaram no mundo do desporto, [&hellip;]
