








{"version":"1.0","provider_name":"ADoP","provider_url":"https:\/\/adop.pt\/en","author_name":"carlos.santos","author_url":"https:\/\/adop.pt\/en\/author\/carlos-santos\/","title":"Federa\u00e7\u00e3o Portuguesa de Ciclismo visita ADoP - ADoP","type":"rich","width":600,"height":338,"html":"<blockquote class=\"wp-embedded-content\" data-secret=\"BdkavgGnS9\"><a href=\"https:\/\/adop.pt\/en\/federacao-portuguesa-de-ciclismo-visita-adop\/\">Federa\u00e7\u00e3o Portuguesa de Ciclismo visita ADoP<\/a><\/blockquote><iframe sandbox=\"allow-scripts\" security=\"restricted\" src=\"https:\/\/adop.pt\/en\/federacao-portuguesa-de-ciclismo-visita-adop\/embed\/#?secret=BdkavgGnS9\" width=\"600\" height=\"338\" title=\"&#8220;Federa\u00e7\u00e3o Portuguesa de Ciclismo visita ADoP&#8221; &#8212; ADoP\" data-secret=\"BdkavgGnS9\" frameborder=\"0\" marginwidth=\"0\" marginheight=\"0\" scrolling=\"no\" class=\"wp-embedded-content\"><\/iframe><script type=\"text\/javascript\">\n\/* <![CDATA[ *\/\n\/*! This file is auto-generated *\/\n!function(d,l){\"use strict\";l.querySelector&&d.addEventListener&&\"undefined\"!=typeof URL&&(d.wp=d.wp||{},d.wp.receiveEmbedMessage||(d.wp.receiveEmbedMessage=function(e){var t=e.data;if((t||t.secret||t.message||t.value)&&!\/[^a-zA-Z0-9]\/.test(t.secret)){for(var s,r,n,a=l.querySelectorAll('iframe[data-secret=\"'+t.secret+'\"]'),o=l.querySelectorAll('blockquote[data-secret=\"'+t.secret+'\"]'),c=new RegExp(\"^https?:$\",\"i\"),i=0;i<o.length;i++)o[i].style.display=\"none\";for(i=0;i<a.length;i++)s=a[i],e.source===s.contentWindow&&(s.removeAttribute(\"style\"),\"height\"===t.message?(1e3<(r=parseInt(t.value,10))?r=1e3:~~r<200&&(r=200),s.height=r):\"link\"===t.message&&(r=new URL(s.getAttribute(\"src\")),n=new URL(t.value),c.test(n.protocol))&&n.host===r.host&&l.activeElement===s&&(d.top.location.href=t.value))}},d.addEventListener(\"message\",d.wp.receiveEmbedMessage,!1),l.addEventListener(\"DOMContentLoaded\",function(){for(var e,t,s=l.querySelectorAll(\"iframe.wp-embedded-content\"),r=0;r<s.length;r++)(t=(e=s[r]).getAttribute(\"data-secret\"))||(t=Math.random().toString(36).substring(2,12),e.src+=\"#?secret=\"+t,e.setAttribute(\"data-secret\",t)),e.contentWindow.postMessage({message:\"ready\",secret:t},\"*\")},!1)))}(window,document);\n\/\/# sourceURL=https:\/\/adop.pt\/wp-includes\/js\/wp-embed.min.js\n\/* ]]> *\/\n<\/script>","thumbnail_url":"https:\/\/adop.pt\/wp-content\/uploads\/2024\/12\/Reuniao-FPC-19.Dez_.2024-scaled.jpg","thumbnail_width":2560,"thumbnail_height":1707,"description":"A Autoridade Nacional Antidopagem recebeu ontem a visita do Presidente eleito da Federa\u00e7\u00e3o Portuguesa de Ciclismo C\u00e2ndido Barbosa, e do seu Vice-presidente Jos\u00e9 Henrique Soares. Foram recebidos pelo Presidente da ADoP, Dr. Manuel Brito, e pelo Diretor Executivo, Doutor Ant\u00f3nio J\u00falio Nunes. Votos de uma continua e positiva coopera\u00e7\u00e3o, visando sempre o bem e a [&hellip;]"}

Federação Portuguesa de Ciclismo visita ADoP - ADoP

<blockquote class="wp-embedded-content" data-secret="BdkavgGnS9"><a href="https://adop.pt/en/federacao-portuguesa-de-ciclismo-visita-adop/">Federação Portuguesa de Ciclismo visita ADoP</a></blockquote><iframe sandbox="allow-scripts" security="restricted" src="https://adop.pt/en/federacao-portuguesa-de-ciclismo-visita-adop/embed/#?secret=BdkavgGnS9" width="600" height="338" title="&#8220;Federação Portuguesa de Ciclismo visita ADoP&#8221; &#8212; ADoP" data-secret="BdkavgGnS9" frameborder="0" marginwidth="0" marginheight="0" scrolling="no" class="wp-embedded-content"></iframe><script type="text/javascript">
/* <![CDATA[ */
/*! This file is auto-generated */
!function(d,l){"use strict";l.querySelector&&d.addEventListener&&"undefined"!=typeof URL&&(d.wp=d.wp||{},d.wp.receiveEmbedMessage||(d.wp.receiveEmbedMessage=function(e){var t=e.data;if((t||t.secret||t.message||t.value)&&!/[^a-zA-Z0-9]/.test(t.secret)){for(var s,r,n,a=l.querySelectorAll('iframe[data-secret="'+t.secret+'"]'),o=l.querySelectorAll('blockquote[data-secret="'+t.secret+'"]'),c=new RegExp("^https?:$","i"),i=0;i<o.length;i++)o[i].style.display="none";for(i=0;i<a.length;i++)s=a[i],e.source===s.contentWindow&&(s.removeAttribute("style"),"height"===t.message?(1e3<(r=parseInt(t.value,10))?r=1e3:~~r<200&&(r=200),s.height=r):"link"===t.message&&(r=new URL(s.getAttribute("src")),n=new URL(t.value),c.test(n.protocol))&&n.host===r.host&&l.activeElement===s&&(d.top.location.href=t.value))}},d.addEventListener("message",d.wp.receiveEmbedMessage,!1),l.addEventListener("DOMContentLoaded",function(){for(var e,t,s=l.querySelectorAll("iframe.wp-embedded-content"),r=0;r<s.length;r++)(t=(e=s[r]).getAttribute("data-secret"))||(t=Math.random().toString(36).substring(2,12),e.src+="#?secret="+t,e.setAttribute("data-secret",t)),e.contentWindow.postMessage({message:"ready",secret:t},"*")},!1)))}(window,document);
//# sourceURL=https://adop.pt/wp-includes/js/wp-embed.min.js
/* ]]> */
</script>

A Autoridade Nacional Antidopagem recebeu ontem a visita do Presidente eleito da Federação Portuguesa de Ciclismo Cândido Barbosa, e do seu Vice-presidente José Henrique Soares. Foram recebidos pelo Presidente da ADoP, Dr. Manuel Brito, e pelo Diretor Executivo, Doutor António Júlio Nunes. Votos de uma continua e positiva cooperação, visando sempre o bem e a [&hellip;]
